3406.
16
What is the remainder when 628929 is divided by 44898?
357
Calculate the remainder when 27161 is divided by 581.
435
Calculate the remainder when 301052126 is divided by 9.
2
What is the remainder when 2693479 is divided by 995?
14
What is the remainder when 88716 is divided by 82424?
6292
What is the remainder when 70737 is divided by 577?
343
What is the remainder when 106856 is divided by 5612?
228
Calculate the remainder when 159516 is divided by 53130.
126
Calculate the remainder when 242872 is divided by 12140.
72
Calculate the remainder when 22171800 is divided by 1421.
1358
Calculate the remainder when 492669821 is divided by 34.
29
What is the remainder when 1889384 is divided by 133?
119
What is the remainder when 300124 is divided by 74851?
720
What is the remainder when 8343484 is divided by 1299?
7
Calculate the remainder when 50637703 is divided by 2648.
2647
Calculate the remainder when 13617353 is divided by 720.
713
Calculate the remainder when 416129 is divided by 1444.
257
Calculate the remainder when 313610113 is divided by 106.
103
Calculate the remainder when 43653265 is divided by 2567838.
19
Calculate the remainder when 51563 is divided by 687.
38
Calculate the remainder when 20071911 is divided by 124.
31
What is the remainder when 259943 is divided by 139?
13
What is the remainder when 2694693 is divided by 1347327?
39
What is the remainder when 1348779739 is divided by 385?
384
What is the remainder when 10455 is divided by 3875?
2705
Calculate the remainder when 26135066 is divided by 7.
6
Calculate the remainder when 151554 is divided by 8.
2
Calculate the remainder when 26275 is divided by 8597.
484
What is the remainder when 4302775 is divided by 1579?
0
What is the remainder when 251095 is divided by 31379?
63
What is the remainder when 11087451 is divided by 465?
456
What is the remainder when 181809 is divided by 181655?
154
What is the remainder when 7000066 is divided by 9915?
76
Calculate the remainder when 21723049 is divided by 16.
9
What is the remainder when 53141 is divided by 111?
83
What is the remainder when 145815 is divided by 69592?
6631
Calculate the remainder when 1042437 is divided by 9653.
9566
Calculate the remainder when 100412 is divided by 6266.
156
Calculate the remainder when 322994314 is divided by 5192.
5186
Calculate the remainder when 11351745 is divided by 540555.
90
What is the remainder when 96390 is divided by 4564?
546
Calculate the remainder when 62404 is divided by 61215.
1189
Calculate the remainder when 1181381 is divided by 1052.
1037
What is the remainder when 111967 is divided by 37316?
19
Calculate the remainder when 29600430 is divided by 133.
83
What is the remainder when 149973 is divided by 11?
10
Calculate the remainder when 1027027 is divided by 273.
1
Calculate the remainder when 433497 is divided by 39407.
20
Calculate the remainder when 9409868 is divided by 23007.
5
Calculate the remainder when 6785332 is divided by 36.
16
What is the remainder when 5592739 is divided by 69?
13
What is the remainder when 817914 is divided by 174?
114
Calculate the remainder when 2006016 is divided by 347.
9
What is the remainder when 1011807 is divided by 272?
239
What is the remainder when 269394 is divided by 1505?
1504
What is the remainder when 231019 is divided by 115253?
513
Calculate the remainder when 20942511 is divided by 6980829.
24
What is the remainder when 75636432 is divided by 94?
84
What is the remainder when 1160797 is divided by 386898?
103
Calculate the remainder when 144397 is divided by 2617.
462
Calculate the remainder when 132089905 is divided by 118.
115
What is the remainder when 1743680 is divided by 656?
32
What is the remainder when 535988 is divided by 16?
4
What is the remainder when 3397193 is divided by 424649?
1
Calculate the remainder when 5588746 is divided by 554.
548
What is the remainder when 11125502 is divided by 22?
14
What is the remainder when 2246860 is divided by 591?
469
Calculate the remainder when 24450 is divided by 1618.
180
Calculate the remainder when 59587994 is divided by 89606.
4
Calculate the remainder when 72928228 is divided by 18505.
23
Calculate the remainder when 521701 is divided by 53.
22
What is the remainder when 71176 is divided by 6384?
952
Calculate the remainder when 573267 is divided by 13.
6
What is the remainder when 2729977 is divided by 1602?
169
What is the remainder when 9414668 is divided by 1023?
1022
Calculate the remainder when 2995815373 is divided by 35.
33
Calculate the remainder when 50581 is divided by 8.
5
What is the remainder when 4462344 is divided by 3616?
200
Calculate the remainder when 3987576 is divided by 3108.
12
What is the remainder when 904560 is divided by 183?
174
Calculate the remainder when 43344221 is divided by 171.
167
What is the remainder when 537623637 is divided by 765?
762
Calculate the remainder when 240421 is divided by 34327.
132
Calculate the remainder when 119264 is divided by 581.
159
Calculate the remainder when 412996 is divided by 5674.
4468
What is the remainder when 21678817 is divided by 338729?
161
Calculate the remainder when 1115216 is divided by 33.
14
What is the remainder when 2029442 is divided by 5244?
14
Calculate the remainder when 6040 is divided by 2941.
158
What is the remainder when 9135215 is divided by 4567596?
23
Calculate the remainder when 5712941 is divided by 361.
116
Calculate the remainder when 24262033 is divided by 5149.
5094
What is the remainder when 220311 is divided by 3385?
286
What is the remainder when 608136 is divided by 40474?
1026
Calculate the remainder when 110753 is divided by 110568.
185
What is the remainder when 2089091 is divided by 3957?
3752
Calculate the remainder when 9421 is divided by 4562.
297
What is the remainder when 1912638 is divided by 4?
2
Calculate the remainder when 1573611 is divided by 50.
11
Calculate the remainder when 4436677 is divided by 2218333.
11
What is the remainder when 1900238 is divided by 287?
11
What is the remainder when 111692 is divided by 37175?
167
What is the remainder when 56352893 is divided by 106?
7
Calculate the remainder when 6759 is divided by 6505.
254
What is the remainder when 18435 is divided by 2201?
827
What is the remainder when 279135 is divided by 14?
3
Calculate the remainder when 504262473 is divided by 2364.
2361
What is the remainder when 1887337 is divided by 29033?
192
What is the remainder when 864925 is divided by 2478?
103
Calculate the remainder when 22890 is divided by 66.
54
Calculate the remainder when 170215 is divided by 56733.
16
Calculate the remainder when 705487 is divided by 6593.
36
What is the remainder when 4956159 is divided by 177005?
19
Calculate the remainder when 203465 is divided by 5060.
1065
Calculate the remainder when 8108751 is divided by 1733.
44
Calculate the remainder when 27344 is divided by 3982.
3452
What is the remainder when 27547463 is divided by 3443424?
71
What is the remainder when 8182499 is divided by 4091248?
3
What is the remainder when 10451 is divided by 4898?
655
What is the remainder when 8112 is divided by 8000?
112
Calculate the remainder when 12132117 is divided by 71365.
67
What is the remainder when 1963927 is divided by 392785?
2
Calculate the remainder when 3239404 is divided by 37.
17
What is the remainder when 472745 is divided by 78761?
179
Calculate the remainder when 26977059 is divided by 223.
80
Calculate the remainder when 45191 is divided by 4577.
3998
Calculate the remainder when 949338 is divided by 949333.
5
What is the remainder when 834924 is divided by 164?
0
Calculate the remainder when 2157075 is divided by 1570.
1465
What is the remainder when 26740116 is divided by 1132?
12
What is the remainder when 3658520 is divided by 1014?
8
What is the remainder when 715749 is divided by 6378?
1413
Calculate the remainder when 874720 is divided by 189.
28
Calculate the remainder when 83961 is divided by 2061.
1521
What is the remainder when 503973 is divided by 2695?
8
Calculate the remainder when 5092752 is divided by 313.
242
Calculate the remainder when 13071345 is divided by 116708.
49
What is the remainder when 21533494 is divided by 68578?
2
Calculate the remainder when 5